What is the value of -15 + (-17 - (-12 + -2 + -5))?
-13
What is the value of 36 + (35 - (4 - -32))?
35
Calculate -95 + -3 + 7 + (4 + -16 - -19).
-84
Evaluate 51 - (-107 + 183) - (-7 + 81).
-99
What is the value of -571 + 165 + 309 + 47 + -1?
-51
Evaluate 105 - (48 - 50 - (7 - (0 + 18))).
96
Evaluate 139 + -285 + 256 - (-1 - -10).
101
Calculate -7 + -16 + -1 + (-14 - -4) - (8 + 1).
-43
Calculate (-67 - -30) + (56 + -5 - -27).
41
Calculate -24 + (-35 - -30) - (12 - 0).
-41
Evaluate -11 + (8 + -20 + 10 - 1) - 26.
-40
Evaluate (4 - 4) + 6 + 2 + -2 + (0 - 9).
-3
What is the value of (47 - 13) + (-8 - 53) + 39?
12
67 - 74 - (-51 - (-13 - -17))
48
What is -31 - -11 - (115 - 139)?
4
What is (13 - -4) + 15 + (-1 - -1)?
32
-87 + (56 + 2 - (1092 + -1067))
-54
What is -3 + (51 - (47 + -9))?
10
Evaluate -97 + (51 - 11) - -54.
-3
(10 - 1) + 7182 + -7137
54
What is (-116 - -55 - 39) + 0 + (17 - 2)?
-85
26 + -92 + (-36 - -57)
-45
Calculate -36 + (23 - (10 - -17)).
-40
-5 + (-1 - ((12 + (-12 - -1) - 3) + 7))
-11
(193 + -208 - (5 + -1 - 1)) + 58
40
What is -10 + 2 + (-19 + 23 - -13 - 39)?
-30
What is the value of (-18 - (36 - (-5 - (7 + -5)))) + 12?
-49
Evaluate 0 + 4 + 37 - (76 + (-93 - -32)).
26
What is (-24 - (-1 + 4 + -23 + 10)) + 24?
10
Calculate (0 - 18) + (-47 - ((64 - 20) + -33)).
-76
(0 - -13) + (148 - 139) - (3 + -4 - 5)
28
Evaluate -76 + 0 + 66 + (21 - 0).
11
What is (47 - (-19 + 36)) + -6 - (-1 + 0) - 10?
15
What is -47 + 143 + -8 + -36 + 0 + 10?
62
Calculate 1035 + -1024 - ((15 - (0 + -1)) + -2).
-3
18 + (35 + -28 + 4 + -2 + -6 - -4)
25
What is -84 + (7 - -4 - (2 + 7))?
-82
What is -51 - ((9 - (42 + -11)) + 17)?
-46
Calculate -1 + 13 + 1 - (-3929 + 3847 + -1 + 9).
87
-252 + 237 - (-12 - (-4 + -61))
-68
(-21 - -1) + 922 + -923
-21
What is (14 - -2) + 5 + 2 + -2 + -2?
19
What is -5 - -97 - (144 + -145)?
93
What is -3 - -63 - (38 + 2)?
20
What is the value of 11 - (28 + 3 - (28 + -10))?
-2
What is 5 - ((-37 - -43) + 35)?
-36
Evaluate -31 + (-55 - -36) + 32.
-18
Evaluate (1 - -21) + (-86 - (22 - 136)).
50
What is -30 - (-6 + (0 - (8 + -13))) - (7 - 11)?
-25
(-5 - -5) + -4 - 31 - (-1 - (16 + -13))
-31
Evaluate 43 + (13 - ((12 - 14) + 3) - 18).
37
What is the value of -14 - 1 - (-567 + 517)?
35
What is the value of -17 + (-1 + -20 - -41)?
3
(-37 + -4 - (22 + 3 + -10)) + 5
-51
What is 17 - (29 - (73 + -7))?
54
Evaluate (-25 - -82) + (503 - 502).
58
Calculate (-17 - 0) + 236 + -261 + 55.
13
Calculate 10 - (1 + 1 - (-43 - (-3 - -3 - -9))).
-44
Calculate 26 - (-417 + 480 + 8 + 1).
-46
Evaluate -74 + -35 + 120 - (-79 + -1).
91
What is the value of -43 - ((-29 + 2 - -30) + (-4 - 1))?
-41
What is 4 + (-269 - -275 - (0 - (0 + 2)))?
12
Evaluate 38 + (-171 - -176) + -199.
-156
What is the value of 29 + 2 + (-94 - -50)?
-13
Calculate -4 + (-5 - -1 - (-35 - -44) - (-61 - -56)).
-12
What is the value of -79 + (92 - (-52 - -39))?
26
What is 8 + -2 + (41 - (-5 - 11))?
63
Calculate 1 + 8 - -1 - (-82 - (20 + (-110 - -44))).
46
(-53 + 96 - (5 - 24)) + -6
56
What is the value of 27 - (-11 + 1 + 2 + -22 + 16 - 1)?
42
Evaluate (-129 + 1 - 0) + 1224 + -1253 + (44 - 2).
-115
Evaluate 113 - (91 - 26) - 122.
-74
Evaluate 2 - (-3 - -7) - (19 - (-4 + 124)) - 7.
92
(-50 - -50 - 40) + 9 - (-16 + 0)
-15
Calculate 71 - (-80 + -15 + 102).
64
19 - 14 - 12 - (-9 - (1 + -1))
2
What is the value of (-869 - -873) + -3 + 5 + 0 + -4?
2
90 - ((267 - 241) + (-39 - 3))
106
What is the value of -17 + -8 + -47 + 99?
27
What is the value of -9 + 2 - (-20 + (55 - (-29 + 17)))?
-54
What is -2530 + 2471 - (-1 + 26)?
-84
Calculate -59 + (-9 - -45) - -21.
-2
-1144 - -1160 - (-1 - -28 - -2)
-13
Evaluate 25 + -39 + 75 + 2 + 2 + 2 + -2.
65
What is the value of -28 - (60 + (-18 - 58))?
-12
Calculate -23 + 42 + -29 + 16 + 1 + (20 - 1).
26
What is -12 + -5 + -18 + -20 + 12?
-43
Calculate -19 + 131 + -30 - (-4 - 1).
87
What is the value of -128 + (3106 - 3116) + (1 - (-35 - -2))?
-104
-1539 - -1580 - (30 - -3)
8
What is -40 + -82 + 48 - -42?
-32
What is 6 + (-2 - 11) + 12 + -3?
2
-106 - (-14 + 26 - (32 + -8 + -4) - 6)
-92
What is the value of 1 + (-4 - (-7 + -5 + 0 + 28 + -10))?
-9
What is 1 + (4 - -62) + -15?
52
What is the value of (-3 - -4) + 4 + -12 + 15 + -18 + 8?
-2
(398 + -433 - (-181 - -1)) + -32
113
85 + -32 + -40 + 20
33
-24 + (52 - ((-14 - -35) + -7))
14
(-126 - -129) + 30 + (0 - 2)
31
Calculate (11 - 95) + 115 + -43.
-12
What is (-11 - 83) + 74 + (1 - -94)?
75
What is the value of -46 - (-155 + -37) - 63 - (15 + 1)?
67
(11 + -4 + 0 - (74 - -11)) + (33 - 24)
-69
Calculate 82 + (-15 - (-124 - -219)).
-28
What is -49 + 1 + -2 + 2 + -4 + 41 + -41?
-52
316 + (-290 - 66) - (-15 - (0 + 0))
-25
-5 + -2 + (2 - -1) - (1284 - 1300)
12
Evaluate (-3485 - -3442) + (-4 - -18).
-29
Calculate (-28 + 51 + -21 - 35) + 18.
-15
Evaluate -23 - ((23 - 13) + 57 - -17).
-107
101 + -3 - (78 + (53 - 109))
76
Calculate 49 - 34 - 3 - (-2 + 80 - -3).
-69
What is (49 - (-1 - 6)) + 1 + (-1 - -4) + 5?
65
Calculate -16 - 1 - (240 + -230).
-27
(-81 - -1) + (3 - (-10 - -26 - 32) - 11)
-72
Calculate 1127 - 1138 - (11 + (-3 - 0)).
-19
What is the value of (11 - 22 - 1) + (9 - -11) + -24?
-16
(43 + -27 - (4 - (-7 - 10))) + -49
-54
(6 - 27) + (137 - -4 - (-10 + -1))
131
-7 + 39 + -3 + 72 + -23
78
(33 - (-43 - 2)) + 65
143
What is (-7 - -6) + 2 - -49 - (12 + -11 + -3)?
52
158 + (41 - (-56 - -218))
37
Calculate -11 + 1 + 9 + 114 + (56 - 91).
78
Evaluate (-66 - -76) + (90 - 4 - 5) - (-1 + -2).
94
Calculate (-6 + 17 - -2) + 2 + 20 + 9.
44
52 + 11 + (-42 - -12) + 1
34
What is (41 - -128) + -39 - 90?
40
30 + 31 + -46 - 12 - (-3 + 1 + 56)
-51
Evaluate (22 - 56 - -11) + (13 - -8).
-2
Calculate 323 - 336 - (-2 + -2) - (2 + 5).
-16
Evaluate -240 + 237 + 16 + 69.
82
What is -21 + 32 + -26 + (51 - 16)?
20
Evaluate -25 - (-41 - -1 - (-30 + 26)).
11
-26 - (26 + -21 + -28)
-3
What is the value of -10 + 18 + 14 + -125 + 108 + 111?
116
Calculate (1 - (-28 + 50)) + -6 + 1.
-26
What is the value of -2109 + 2179 - (-1 + 4)?
67
Calculate -115 + 103 - ((3 - 2) + 7).
-20
Calculate (50 - -2) + -38 + 22 + (-12 - -25).
49
What is (-66 - (48 + -102)) + -9?
-21
What is (28 - (-26 - -3)) + -15 + 1 + -2?
35
Evaluate (6 + 15 - 15) + -28.
-22
What is the value of -14 + 4 + (-113 - -130) - -10?
17
Calculate 76 - 26 - (45 + -33).
38
Evaluate (-33 - 9) + -38 - (12 - 34).
-58
111 - (82 - (30 + -139))
-80
What is the value of -11 - ((30 + -31 - -34) + (4 - -5) + -4)?
-49
What is the value of -18 + 88 + -37 - -27?
60
-1 + -11 + 12 + (1 + -11 - (-3 - -13))
-20
Calculate 9 + 0 + 1 + (104 - 125) + 36.
25
Calculate 116 + -3 + 3 + -74 + 67 + -22.
87
What is the value of 61 - (67 - 21) - (40 - 1)?
-24
Calculate (-108 - 11) + (-37 - (-18 + -45)).
-93
(-11 - ((16 - 10 - 8) + 4)) + 4 - 103
-112
Calculate (-4 - -41 - (7 + -6 + 7)) + (-11 - -19).
37
Calculate 40 - (-80 + 106) - (3 + 66).
-55
Evaluate -6 - (18 + 2 + -20) - -7 - (-111 - 3).
115
-109 + 34 + 8 + 155
88
What is the value of 48 - ((2 - 7) + -4 + 11 + 2 + 0)?
44
Evaluate -11 + (-52 - -15) + 48 - 61.
-61
Evaluate (0 - (57 - 1)) + (-1041 - -1056).
-41
What is the value of 24 + -5 - (-22 + -1 - -4 - -17)?
21
What is 1 - (13 - (26 + -24)) - 22?
-32
(52 - -1 - -1) + (-588 - -353 - -245)
64
What is the value of 3 + 15 + (14 - 14) + -4?
14
Evaluate -25 - (37 + -71 + 18) - -26.
17
What is the value of 4 + (-17 - (-33 + 31 - -50))?
-61
Evaluate (-3 - (-7 + -12)) + (11 - 11).
16
Calculate 127 + -16 + -56 - -5.
60
What is the value of (5 - 4) + -2 + 33 + 2 + -10 + -6?
18
What is the value of -11 - (90 + -77 - (10 + (-8 - -5)) - 5)?
-12
-433 - -367 - (-1 - 32)
-33
What is (-37 - ((-36 - -20) + -3)) + (7 - 4 - 15)?
-30
-9 + (-14 - (-19 - 15)) - 42
-31
Calculate (25 + 13 - -92) + -138.
-8
13 - (-11 - 45 - (4 - 31))
42
Evaluate 13 + -2 + 5 - (-1001 + 970).
47
Evaluate (-2 - 0) + (-4 - -3) + 40 + (-2267 - -2283).
53
What is the value of (-3 - 10) + (-5 - -23) - 6?
-1
-29 - (-36 + -21) - (3 - 15)
40
Evaluate -17 + -7 - 2 - (-807 - -839).
-58
What is the value of 1 - -1 - ((25 + -30 + -41 - -17) + -9)?
40
What is the value of (10 + 6 + 0 - (-2 + 29)) + -70?
-81
What is the value of (-7 + -16 - -6) + (95 - (-27 - -1))?
104
What is 47 + 92 + -106 + 67?
100
What is the value of (-2314 - -2324 - (5 + -2 - 2)) + -64?
-55
Calculate 19 + 18 + -5